{"id":5719,"date":"2023-05-09T12:06:31","date_gmt":"2023-05-09T12:06:31","guid":{"rendered":"https:\/\/www.produtiva.net\/v4\/?page_id=5719"},"modified":"2023-05-09T12:36:54","modified_gmt":"2023-05-09T12:36:54","slug":"canal-de-denuncias","status":"publish","type":"page","link":"https:\/\/www.produtiva.net\/v4\/es\/canal-de-denuncias\/","title":{"rendered":"CANAL DE DENUNCIAS"},"content":{"rendered":"<p>[vc_section][vc_row fullwidth=&#8221;has-fullwidth-column-no-padding&#8221; bg_choice=&#8221;2&#8243; bg_image=&#8221;5691&#8243; bg_image_repeat=&#8221;no-repeat&#8221; bg_image_attachment=&#8221;fixed&#8221; fallback_bg_color=&#8221;#2d2d2d&#8221; bg_overlay=&#8221;1&#8243; bg_overlay_color=&#8221;rgba(2,2,2,0.5)&#8221; content_placement=&#8221;middle&#8221; padding_top=&#8221;200&#8243; padding_bottom=&#8221;50&#8243; bg_parallax=&#8221;1&#8243;][vc_column dark_mode=&#8221;has-dark-mode&#8221; align=&#8221;center&#8221; width=&#8221;1\/6&#8243;][\/vc_column][vc_column dark_mode=&#8221;has-dark-mode&#8221; align=&#8221;center&#8221; width=&#8221;2\/3&#8243; animation=&#8221;1&#8243; animation_style=&#8221;fadeIn&#8221;]<div class=\" agni-section-heading text-center ihda\" ><h2 class=\"section-heading-text \" style=\"font-size:54px;\"><span>CANAL DE DENUNCIAS<\/span><\/h2><\/div>[\/vc_column][vc_column width=&#8221;1\/6&#8243;][\/vc_column][\/vc_row][\/vc_section][vc_section][vc_row padding_top=&#8221;80px&#8221;][vc_column animation=&#8221;1&#8243; animation_style=&#8221;fadeIn&#8221; margin_bottom=&#8221;40px&#8221;]<div class=\" agni-section-heading text-center ihda\" ><p class=\"section-additional-heading-text\" style=\"font-size:22px;\">La Ley 93\/2021, de 20 de diciembre, en vigor desde el 18 de junio de 2022, establece el r\u00e9gimen general de protecci\u00f3n de los denunciantes de irregularidades, transponiendo la Directiva (UE) 2019\/1937 del Parlamento Europeo y del Consejo, de 23 de octubre de 2019, relativa a la protecci\u00f3n de las personas que denuncian infracciones del Derecho de la Uni\u00f3n - Ley de denuncia de irregularidades.<\/p><\/div>[\/vc_column][\/vc_row][vc_row fullwidth=&#8221;has-fullwidth-column-no-padding&#8221; padding_bottom=&#8221;80&#8243;][vc_column align=&#8221;center&#8221; animation=&#8221;1&#8243; animation_style=&#8221;fadeIn&#8221;]<div class=\"agni-gallery img-carousel \"><div class=\"agni-gallery-row row grid-gallery \" data-grid=\"fitRows\" style=\"margin: 0 -0px -0px;\"><div class=\"animate col-xs-12 col-sm-12 col-md-12 custom-gallery-item agni-gallery-column\" style=\"padding: 0 0px 0px; animation-duration: 0.8s; \tanimation-delay: 0.4s; -webkit-animation-duration: 0.8s; -webkit-animation-delay: 0.4s\" data-animation=\"fadeIn\" data-animation-offset=\"95%\"><figure class=\"agni-gallery-figure\"><a href=\"https:\/\/www.produtiva.net\/v4\/wp-content\/uploads\/2023\/05\/ES-prod-quem-pode.png\"><img decoding=\"async\" width=\"300\" height=\"29\" data-src=\"https:\/\/www.produtiva.net\/v4\/wp-content\/uploads\/2023\/05\/ES-prod-quem-pode-300x29.png\" class=\"attachment-medium size-medium lazyload\" alt=\"\" data-srcset=\"https:\/\/www.produtiva.net\/v4\/wp-content\/uploads\/2023\/05\/ES-prod-quem-pode-300x29.png 300w, https:\/\/www.produtiva.net\/v4\/wp-content\/uploads\/2023\/05\/ES-prod-quem-pode-768x74.png 768w, https:\/\/www.produtiva.net\/v4\/wp-content\/uploads\/2023\/05\/ES-prod-quem-pode.png 909w\" data-sizes=\"(max-width: 300px) 100vw, 300px\" src=\"data:image\/svg+xml;base64,PHN2ZyB3aWR0aD0iMSIgaGVpZ2h0PSIxIiB4bWxucz0iaHR0cDovL3d3dy53My5vcmcvMjAwMC9zdmciPjwvc3ZnPg==\" style=\"--smush-placeholder-width: 300px; --smush-placeholder-aspect-ratio: 300\/29;\" \/><\/a><\/figure><\/div><div class=\"grid-sizer col-xs-12 col-sm-12 col-md-12 \"><\/div><\/div><\/div>[\/vc_column][\/vc_row][vc_row padding_top=&#8221;80px&#8221;][vc_column animation=&#8221;1&#8243; animation_style=&#8221;fadeIn&#8221; margin_bottom=&#8221;40px&#8221;]<div class=\" agni-section-heading text-center ihda\" ><p class=\"section-additional-heading-text\" style=\"font-size:22px;\">Cualquier persona f\u00edsica que tenga conocimiento de informaci\u00f3n relativa a infracciones que haya obtenido en el ejercicio de su actividad profesional, incluidos aqu\u00ed (i) los empleados, (ii) los prestadores de servicios, contratistas, subcontratistas y proveedores (o cualquier persona bajo su supervisi\u00f3n), (iii) los titulares de participaciones y miembros de \u00f3rganos estatutarios, (iv) los voluntarios y becarios y (v) los antiguos empleados y solicitantes de empleo. Los denunciantes tienen garantizada la confidencialidad de su identidad o anonimato en todo momento o hasta que esta informaci\u00f3n sea necesaria para salvaguardar los derechos de defensa de los afectados por la denuncia, en el \u00e1mbito de las investigaciones a que d\u00e9 lugar o de posteriores procedimientos judiciales. Tambi\u00e9n se podr\u00e1 solicitar asesoramiento confidencial para estudiar la posibilidad de presentar una denuncia. Todas las denuncias deben presentarse de buena fe y por motivos razonables. Est\u00e1n prohibidos los actos de represalia contra el denunciante.<\/p><\/div>[\/vc_column][\/vc_row][\/vc_section][vc_section][vc_row fullwidth=&#8221;has-fullwidth-column-no-padding&#8221; padding_bottom=&#8221;80&#8243;][vc_column animation=&#8221;1&#8243; animation_style=&#8221;fadeIn&#8221;]<div class=\"agni-gallery img-carousel \"><div class=\"agni-gallery-row row grid-gallery \" data-grid=\"masonry\" style=\"margin: 0 -0px -0px;\"><div class=\"animate col-xs-12 col-sm-12 col-md-12 custom-gallery-item agni-gallery-column\" style=\"padding: 0 0px 0px; animation-duration: 0.8s; \tanimation-delay: 0.4s; -webkit-animation-duration: 0.8s; -webkit-animation-delay: 0.4s\" data-animation=\"fadeIn\" data-animation-offset=\"95%\"><figure class=\"agni-gallery-figure\"><img decoding=\"async\" width=\"909\" height=\"88\" data-src=\"https:\/\/www.produtiva.net\/v4\/wp-content\/uploads\/2023\/05\/ES-prod-como-apresentar.png\" class=\"attachment-large size-large lazyload\" alt=\"\" data-srcset=\"https:\/\/www.produtiva.net\/v4\/wp-content\/uploads\/2023\/05\/ES-prod-como-apresentar.png 909w, https:\/\/www.produtiva.net\/v4\/wp-content\/uploads\/2023\/05\/ES-prod-como-apresentar-300x29.png 300w, https:\/\/www.produtiva.net\/v4\/wp-content\/uploads\/2023\/05\/ES-prod-como-apresentar-768x74.png 768w\" data-sizes=\"(max-width: 909px) 100vw, 909px\" src=\"data:image\/svg+xml;base64,PHN2ZyB3aWR0aD0iMSIgaGVpZ2h0PSIxIiB4bWxucz0iaHR0cDovL3d3dy53My5vcmcvMjAwMC9zdmciPjwvc3ZnPg==\" style=\"--smush-placeholder-width: 909px; --smush-placeholder-aspect-ratio: 909\/88;\" \/><\/figure><\/div><div class=\"grid-sizer col-xs-12 col-sm-12 col-md-12 \"><\/div><\/div><\/div>[\/vc_column][\/vc_row][\/vc_section][vc_section content_placement=&#8221;top&#8221; css=&#8221;.vc_custom_1683625406119{padding-top: 80px !important;padding-bottom: 80px !important;}&#8221;][vc_row margin_bottom=&#8221;20&#8243;][vc_column animation=&#8221;1&#8243; animation_style=&#8221;fadeIn&#8221;]<div class=\" agni-section-heading text-center ihda\" ><p class=\"section-additional-heading-text\" style=\"font-size:22px;\">Para presentar una queja o solicitar asesoramiento confidencial para considerar la presentaci\u00f3n de una queja, debe enviar su comunicaci\u00f3n a:  Direcci\u00f3n de correo electr\u00f3nico denuncia@produtiva.net   o   Comunicaci\u00f3n por correo postal a:  Produtiva-F\u00e1brica de Redes, SA - Canal de denuncias - Av. Vasco da Gama, 8057 4430-755 Avintes, V. N. Gaia, Portugal<\/p><\/div>[\/vc_column][\/vc_row][\/vc_section][vc_row][vc_column]<div class=\" agni-image custom-image-container text-left\">\r\n\t\t\t<figure class=\"agni-image-figure\">\r\n\t\t\t\t<img decoding=\"async\" width=\"1600\" height=\"475\" data-src=\"https:\/\/www.produtiva.net\/v4\/wp-content\/uploads\/2023\/05\/prod-capa-canal-denuncia-copy.png\" class=\"fullwidth-image attachment-full  attachment-full lazyload\" alt=\"\" data-srcset=\"https:\/\/www.produtiva.net\/v4\/wp-content\/uploads\/2023\/05\/prod-capa-canal-denuncia-copy.png 1600w, https:\/\/www.produtiva.net\/v4\/wp-content\/uploads\/2023\/05\/prod-capa-canal-denuncia-copy-300x89.png 300w, https:\/\/www.produtiva.net\/v4\/wp-content\/uploads\/2023\/05\/prod-capa-canal-denuncia-copy-1024x304.png 1024w, https:\/\/www.produtiva.net\/v4\/wp-content\/uploads\/2023\/05\/prod-capa-canal-denuncia-copy-768x228.png 768w, https:\/\/www.produtiva.net\/v4\/wp-content\/uploads\/2023\/05\/prod-capa-canal-denuncia-copy-1536x456.png 1536w, https:\/\/www.produtiva.net\/v4\/wp-content\/uploads\/2023\/05\/prod-capa-canal-denuncia-copy-960x285.png 960w\" data-sizes=\"(max-width: 1600px) 100vw, 1600px\" src=\"data:image\/svg+xml;base64,PHN2ZyB3aWR0aD0iMSIgaGVpZ2h0PSIxIiB4bWxucz0iaHR0cDovL3d3dy53My5vcmcvMjAwMC9zdmciPjwvc3ZnPg==\" style=\"--smush-placeholder-width: 1600px; --smush-placeholder-aspect-ratio: 1600\/475;\" \/>\r\n\t\t\t\t<figcaption class=\"vc_figure-caption\"><\/figcaption>\r\n\t\t\t<\/figure>\r\n\t\t<\/div>[\/vc_column][\/vc_row]<\/p>\n","protected":false},"excerpt":{"rendered":"<p>[vc_section][vc_row fullwidth=&#8221;has-fullwidth-column-no-padding&#8221; bg_choice=&#8221;2&#8243; bg_image=&#8221;5691&#8243; bg_image_repeat=&#8221;no-repeat&#8221; bg_image_attachment=&#8221;fixed&#8221; fallback_bg_color=&#8221;#2d2d2d&#8221; bg_overlay=&#8221;1&#8243; bg_overlay_color=&#8221;rgba(2,2,2,0.5)&#8221; content_placement=&#8221;middle&#8221; padding_top=&#8221;200&#8243; padding_bottom=&#8221;50&#8243; bg_parallax=&#8221;1&#8243;][vc_column dark_mode=&#8221;has-dark-mode&#8221; align=&#8221;center&#8221; width=&#8221;1\/6&#8243;][\/vc_column][vc_column dark_mode=&#8221;has-dark-mode&#8221; align=&#8221;center&#8221; width=&#8221;2\/3&#8243; animation=&#8221;1&#8243; animation_style=&#8221;fadeIn&#8221;][\/vc_column][vc_column width=&#8221;1\/6&#8243;][\/vc_column][\/vc_row][\/vc_section][vc_section][vc_row padding_top=&#8221;80px&#8221;][vc_column animation=&#8221;1&#8243; animation_style=&#8221;fadeIn&#8221; margin_bottom=&#8221;40px&#8221;][\/vc_column][\/vc_row][vc_row fullwidth=&#8221;has-fullwidth-column-no-padding&#8221; padding_bottom=&#8221;80&#8243;][vc_column align=&#8221;center&#8221; animation=&#8221;1&#8243; animation_style=&#8221;fadeIn&#8221;][\/vc_column][\/vc_row][vc_row padding_top=&#8221;80px&#8221;][vc_column animation=&#8221;1&#8243; animation_style=&#8221;fadeIn&#8221; margin_bottom=&#8221;40px&#8221;][\/vc_column][\/vc_row][\/vc_section][vc_section][vc_row fullwidth=&#8221;has-fullwidth-column-no-padding&#8221; padding_bottom=&#8221;80&#8243;][vc_column animation=&#8221;1&#8243; animation_style=&#8221;fadeIn&#8221;][\/vc_column][\/vc_row][\/vc_section][vc_section content_placement=&#8221;top&#8221; css=&#8221;.vc_custom_1683625406119{padding-top: 80px !important;padding-bottom: 80px !important;}&#8221;][vc_row margin_bottom=&#8221;20&#8243;][vc_column animation=&#8221;1&#8243; animation_style=&#8221;fadeIn&#8221;][\/vc_column][\/vc_row][\/vc_section][vc_row][vc_column][\/vc_column][\/vc_row]<\/p>\n","protected":false},"author":2,"featured_media":0,"parent":0,"menu_order":0,"comment_status":"closed","ping_status":"closed","template":"","meta":{"_monsterinsights_skip_tracking":false,"_monsterinsights_sitenote_active":false,"_monsterinsights_sitenote_note":"","_monsterinsights_sitenote_category":0,"footnotes":""},"class_list":["post-5719","page","type-page","status-publish","hentry"],"yoast_head":"<!-- This site is optimized with the Yoast SEO plugin v25.5 - https:\/\/yoast.com\/wordpress\/plugins\/seo\/ -->\n<title>CANAL DE DENUNCIAS - Produtiva<\/title>\n<meta name=\"robots\" content=\"index, follow, max-snippet:-1, max-image-preview:large, max-video-preview:-1\" \/>\n<link rel=\"canonical\" href=\"https:\/\/www.produtiva.net\/v4\/es\/canal-de-denuncias\/\" \/>\n<meta property=\"og:locale\" content=\"pt_PT\" \/>\n<meta property=\"og:type\" content=\"article\" \/>\n<meta property=\"og:title\" content=\"CANAL DE DENUNCIAS - Produtiva\" \/>\n<meta property=\"og:description\" content=\"[vc_section][vc_row fullwidth=&#8221;has-fullwidth-column-no-padding&#8221; bg_choice=&#8221;2&#8243; bg_image=&#8221;5691&#8243; bg_image_repeat=&#8221;no-repeat&#8221; bg_image_attachment=&#8221;fixed&#8221; fallback_bg_color=&#8221;#2d2d2d&#8221; bg_overlay=&#8221;1&#8243; bg_overlay_color=&#8221;rgba(2,2,2,0.5)&#8221; content_placement=&#8221;middle&#8221; padding_top=&#8221;200&#8243; padding_bottom=&#8221;50&#8243; bg_parallax=&#8221;1&#8243;][vc_column dark_mode=&#8221;has-dark-mode&#8221; align=&#8221;center&#8221; width=&#8221;1\/6&#8243;][\/vc_column][vc_column dark_mode=&#8221;has-dark-mode&#8221; align=&#8221;center&#8221; width=&#8221;2\/3&#8243; animation=&#8221;1&#8243; animation_style=&#8221;fadeIn&#8221;][\/vc_column][vc_column width=&#8221;1\/6&#8243;][\/vc_column][\/vc_row][\/vc_section][vc_section][vc_row padding_top=&#8221;80px&#8221;][vc_column animation=&#8221;1&#8243; animation_style=&#8221;fadeIn&#8221; margin_bottom=&#8221;40px&#8221;][\/vc_column][\/vc_row][vc_row fullwidth=&#8221;has-fullwidth-column-no-padding&#8221; padding_bottom=&#8221;80&#8243;][vc_column align=&#8221;center&#8221; animation=&#8221;1&#8243; animation_style=&#8221;fadeIn&#8221;][\/vc_column][\/vc_row][vc_row padding_top=&#8221;80px&#8221;][vc_column animation=&#8221;1&#8243; animation_style=&#8221;fadeIn&#8221; margin_bottom=&#8221;40px&#8221;][\/vc_column][\/vc_row][\/vc_section][vc_section][vc_row fullwidth=&#8221;has-fullwidth-column-no-padding&#8221; padding_bottom=&#8221;80&#8243;][vc_column animation=&#8221;1&#8243; animation_style=&#8221;fadeIn&#8221;][\/vc_column][\/vc_row][\/vc_section][vc_section content_placement=&#8221;top&#8221; css=&#8221;.vc_custom_1683625406119{padding-top: 80px !important;padding-bottom: 80px !important;}&#8221;][vc_row margin_bottom=&#8221;20&#8243;][vc_column animation=&#8221;1&#8243; animation_style=&#8221;fadeIn&#8221;][\/vc_column][\/vc_row][\/vc_section][vc_row][vc_column][\/vc_column][\/vc_row]\" \/>\n<meta property=\"og:url\" content=\"https:\/\/www.produtiva.net\/v4\/es\/canal-de-denuncias\/\" \/>\n<meta property=\"og:site_name\" content=\"Produtiva\" \/>\n<meta property=\"article:modified_time\" content=\"2023-05-09T12:36:54+00:00\" \/>\n<meta name=\"twitter:card\" content=\"summary_large_image\" \/>\n<meta name=\"twitter:label1\" content=\"Tempo estimado de leitura\" \/>\n\t<meta name=\"twitter:data1\" content=\"3 minutos\" \/>\n<script type=\"application\/ld+json\" class=\"yoast-schema-graph\">{\"@context\":\"https:\/\/schema.org\",\"@graph\":[{\"@type\":\"WebPage\",\"@id\":\"https:\/\/www.produtiva.net\/v4\/es\/canal-de-denuncias\/\",\"url\":\"https:\/\/www.produtiva.net\/v4\/es\/canal-de-denuncias\/\",\"name\":\"CANAL DE DENUNCIAS - Produtiva\",\"isPartOf\":{\"@id\":\"https:\/\/www.produtiva.net\/v4\/#website\"},\"datePublished\":\"2023-05-09T12:06:31+00:00\",\"dateModified\":\"2023-05-09T12:36:54+00:00\",\"breadcrumb\":{\"@id\":\"https:\/\/www.produtiva.net\/v4\/es\/canal-de-denuncias\/#breadcrumb\"},\"inLanguage\":\"pt-PT\",\"potentialAction\":[{\"@type\":\"ReadAction\",\"target\":[\"https:\/\/www.produtiva.net\/v4\/es\/canal-de-denuncias\/\"]}]},{\"@type\":\"BreadcrumbList\",\"@id\":\"https:\/\/www.produtiva.net\/v4\/es\/canal-de-denuncias\/#breadcrumb\",\"itemListElement\":[{\"@type\":\"ListItem\",\"position\":1,\"name\":\"In\u00edcio\",\"item\":\"https:\/\/www.produtiva.net\/v4\/\"},{\"@type\":\"ListItem\",\"position\":2,\"name\":\"CANAL DE DENUNCIAS\"}]},{\"@type\":\"WebSite\",\"@id\":\"https:\/\/www.produtiva.net\/v4\/#website\",\"url\":\"https:\/\/www.produtiva.net\/v4\/\",\"name\":\"Produtiva\",\"description\":\"SA\",\"publisher\":{\"@id\":\"https:\/\/www.produtiva.net\/v4\/#organization\"},\"potentialAction\":[{\"@type\":\"SearchAction\",\"target\":{\"@type\":\"EntryPoint\",\"urlTemplate\":\"https:\/\/www.produtiva.net\/v4\/?s={search_term_string}\"},\"query-input\":{\"@type\":\"PropertyValueSpecification\",\"valueRequired\":true,\"valueName\":\"search_term_string\"}}],\"inLanguage\":\"pt-PT\"},{\"@type\":\"Organization\",\"@id\":\"https:\/\/www.produtiva.net\/v4\/#organization\",\"name\":\"Produtiva\",\"url\":\"https:\/\/www.produtiva.net\/v4\/\",\"logo\":{\"@type\":\"ImageObject\",\"inLanguage\":\"pt-PT\",\"@id\":\"https:\/\/www.produtiva.net\/v4\/#\/schema\/logo\/image\/\",\"url\":\"https:\/\/www.produtiva.net\/v4\/wp-content\/uploads\/2019\/08\/logo-produtiva-black.png\",\"contentUrl\":\"https:\/\/www.produtiva.net\/v4\/wp-content\/uploads\/2019\/08\/logo-produtiva-black.png\",\"width\":238,\"height\":52,\"caption\":\"Produtiva\"},\"image\":{\"@id\":\"https:\/\/www.produtiva.net\/v4\/#\/schema\/logo\/image\/\"}}]}<\/script>\n<!-- \/ Yoast SEO plugin. -->","yoast_head_json":{"title":"CANAL DE DENUNCIAS - Produtiva","robots":{"index":"index","follow":"follow","max-snippet":"max-snippet:-1","max-image-preview":"max-image-preview:large","max-video-preview":"max-video-preview:-1"},"canonical":"https:\/\/www.produtiva.net\/v4\/es\/canal-de-denuncias\/","og_locale":"pt_PT","og_type":"article","og_title":"CANAL DE DENUNCIAS - Produtiva","og_description":"[vc_section][vc_row fullwidth=&#8221;has-fullwidth-column-no-padding&#8221; bg_choice=&#8221;2&#8243; bg_image=&#8221;5691&#8243; bg_image_repeat=&#8221;no-repeat&#8221; bg_image_attachment=&#8221;fixed&#8221; fallback_bg_color=&#8221;#2d2d2d&#8221; bg_overlay=&#8221;1&#8243; bg_overlay_color=&#8221;rgba(2,2,2,0.5)&#8221; content_placement=&#8221;middle&#8221; padding_top=&#8221;200&#8243; padding_bottom=&#8221;50&#8243; bg_parallax=&#8221;1&#8243;][vc_column dark_mode=&#8221;has-dark-mode&#8221; align=&#8221;center&#8221; width=&#8221;1\/6&#8243;][\/vc_column][vc_column dark_mode=&#8221;has-dark-mode&#8221; align=&#8221;center&#8221; width=&#8221;2\/3&#8243; animation=&#8221;1&#8243; animation_style=&#8221;fadeIn&#8221;][\/vc_column][vc_column width=&#8221;1\/6&#8243;][\/vc_column][\/vc_row][\/vc_section][vc_section][vc_row padding_top=&#8221;80px&#8221;][vc_column animation=&#8221;1&#8243; animation_style=&#8221;fadeIn&#8221; margin_bottom=&#8221;40px&#8221;][\/vc_column][\/vc_row][vc_row fullwidth=&#8221;has-fullwidth-column-no-padding&#8221; padding_bottom=&#8221;80&#8243;][vc_column align=&#8221;center&#8221; animation=&#8221;1&#8243; animation_style=&#8221;fadeIn&#8221;][\/vc_column][\/vc_row][vc_row padding_top=&#8221;80px&#8221;][vc_column animation=&#8221;1&#8243; animation_style=&#8221;fadeIn&#8221; margin_bottom=&#8221;40px&#8221;][\/vc_column][\/vc_row][\/vc_section][vc_section][vc_row fullwidth=&#8221;has-fullwidth-column-no-padding&#8221; padding_bottom=&#8221;80&#8243;][vc_column animation=&#8221;1&#8243; animation_style=&#8221;fadeIn&#8221;][\/vc_column][\/vc_row][\/vc_section][vc_section content_placement=&#8221;top&#8221; css=&#8221;.vc_custom_1683625406119{padding-top: 80px !important;padding-bottom: 80px !important;}&#8221;][vc_row margin_bottom=&#8221;20&#8243;][vc_column animation=&#8221;1&#8243; animation_style=&#8221;fadeIn&#8221;][\/vc_column][\/vc_row][\/vc_section][vc_row][vc_column][\/vc_column][\/vc_row]","og_url":"https:\/\/www.produtiva.net\/v4\/es\/canal-de-denuncias\/","og_site_name":"Produtiva","article_modified_time":"2023-05-09T12:36:54+00:00","twitter_card":"summary_large_image","twitter_misc":{"Tempo estimado de leitura":"3 minutos"},"schema":{"@context":"https:\/\/schema.org","@graph":[{"@type":"WebPage","@id":"https:\/\/www.produtiva.net\/v4\/es\/canal-de-denuncias\/","url":"https:\/\/www.produtiva.net\/v4\/es\/canal-de-denuncias\/","name":"CANAL DE DENUNCIAS - Produtiva","isPartOf":{"@id":"https:\/\/www.produtiva.net\/v4\/#website"},"datePublished":"2023-05-09T12:06:31+00:00","dateModified":"2023-05-09T12:36:54+00:00","breadcrumb":{"@id":"https:\/\/www.produtiva.net\/v4\/es\/canal-de-denuncias\/#breadcrumb"},"inLanguage":"pt-PT","potentialAction":[{"@type":"ReadAction","target":["https:\/\/www.produtiva.net\/v4\/es\/canal-de-denuncias\/"]}]},{"@type":"BreadcrumbList","@id":"https:\/\/www.produtiva.net\/v4\/es\/canal-de-denuncias\/#breadcrumb","itemListElement":[{"@type":"ListItem","position":1,"name":"In\u00edcio","item":"https:\/\/www.produtiva.net\/v4\/"},{"@type":"ListItem","position":2,"name":"CANAL DE DENUNCIAS"}]},{"@type":"WebSite","@id":"https:\/\/www.produtiva.net\/v4\/#website","url":"https:\/\/www.produtiva.net\/v4\/","name":"Produtiva","description":"SA","publisher":{"@id":"https:\/\/www.produtiva.net\/v4\/#organization"},"potentialAction":[{"@type":"SearchAction","target":{"@type":"EntryPoint","urlTemplate":"https:\/\/www.produtiva.net\/v4\/?s={search_term_string}"},"query-input":{"@type":"PropertyValueSpecification","valueRequired":true,"valueName":"search_term_string"}}],"inLanguage":"pt-PT"},{"@type":"Organization","@id":"https:\/\/www.produtiva.net\/v4\/#organization","name":"Produtiva","url":"https:\/\/www.produtiva.net\/v4\/","logo":{"@type":"ImageObject","inLanguage":"pt-PT","@id":"https:\/\/www.produtiva.net\/v4\/#\/schema\/logo\/image\/","url":"https:\/\/www.produtiva.net\/v4\/wp-content\/uploads\/2019\/08\/logo-produtiva-black.png","contentUrl":"https:\/\/www.produtiva.net\/v4\/wp-content\/uploads\/2019\/08\/logo-produtiva-black.png","width":238,"height":52,"caption":"Produtiva"},"image":{"@id":"https:\/\/www.produtiva.net\/v4\/#\/schema\/logo\/image\/"}}]}},"_links":{"self":[{"href":"https:\/\/www.produtiva.net\/v4\/wp-json\/wp\/v2\/pages\/5719","targetHints":{"allow":["GET"]}}],"collection":[{"href":"https:\/\/www.produtiva.net\/v4\/wp-json\/wp\/v2\/pages"}],"about":[{"href":"https:\/\/www.produtiva.net\/v4\/wp-json\/wp\/v2\/types\/page"}],"author":[{"embeddable":true,"href":"https:\/\/www.produtiva.net\/v4\/wp-json\/wp\/v2\/users\/2"}],"replies":[{"embeddable":true,"href":"https:\/\/www.produtiva.net\/v4\/wp-json\/wp\/v2\/comments?post=5719"}],"version-history":[{"count":5,"href":"https:\/\/www.produtiva.net\/v4\/wp-json\/wp\/v2\/pages\/5719\/revisions"}],"predecessor-version":[{"id":5726,"href":"https:\/\/www.produtiva.net\/v4\/wp-json\/wp\/v2\/pages\/5719\/revisions\/5726"}],"wp:attachment":[{"href":"https:\/\/www.produtiva.net\/v4\/wp-json\/wp\/v2\/media?parent=5719"}],"curies":[{"name":"wp","href":"https:\/\/api.w.org\/{rel}","templated":true}]}}